2, -7 = -n - 4*x. Let v = 62 + -58. Let k(z) = 12*z + 29. Let s(r) = 11*r + 36. Let o(d) = v*s(d) - 5*k(d). Determine o(n).
15
Let l be (-1*16/12)/(19/(-114)). Let x(f) = -2*f - 46. What is x(l)?
-62
Let n(q) = 5 - 2*q**3 + 157*q**2 - 24*q**2 + 5*q - 133*q**2. Give n(-3).
44
Let c = 46 - 44. Suppose -d - 3*d - 5*z = 18, -3*z + 20 = -c*d. Let p be 9 + d + 3 + -2. Let n(h) = -h**2 + 2*h + 2. What is n(p)?
-1
Let k(l) = -15*l - 27. Let g(a) = -2*a - 3. Let h(u) = 14*g(u) - 2*k(u). Give h(7).
26
Let s(f) = f + 3. Let v be s(2). Let x(u) = -u + 9. Let q be x(v). Let y(w) be the first derivative of w**4/4 - w**3 - 5*w**2/2 + 4*w + 137. What is y(q)?
0
Suppose 166 + 194 = -24*g. Let s be 3*(-13 - g)*(-2)/(-4). Let i(p) = 2*p. Give i(s).
6
Let r(t) = -2*t - 4. Let s(p) = -3*p + 14 + 5*p - p**2 - 5 - 6. Let w be s(-2). What is r(w)?
6
Let t(f) = f**2 + f - 2. Let m(k) = 4*k**2 + k - 1. Let b(j) = -9*j**2 - 2*j + 1. Let w(h) = 3*b(h) + 7*m(h). Let v(l) = -3*t(l) + 2*w(l). Calculate v(4).
-22
Let s be 5/2*(-52)/(-65). Let b(x) = -5*x + 8 + 6 - 10 + x**s + 2. Determine b(3).
0
Suppose 2*n - 4*q - 42 = 0, 2*q = -3*q - 20. Suppose -39*o - 72 = -45*o. Suppose 1 = o*r + n. Let p(v) = -5*v + 1. Calculate p(r).
6
Suppose 35*m - 4*m = -155. Let o(l) = -3*l**2 + l + 74. Give o(m).
-6
Suppose 23*p + 738 = -100*p. Let f(j) = -j**3 - 5*j**2 - 9*j - 68. Give f(p).
22
Let j(l) be the first derivative of -2/3*l**3 - 3*l**2 - 121 + 0*l. Give j(-5).
-20
Let b(x) = x**3 - 8*x**2 - 19*x + 6. Let r be b(10). Suppose 6*g = r*g - 240. Suppose -g = 6*t - 6. Let a(m) = m**2 + m - 2. Calculate a(t).
4
Let o be (12 - (14 - 5)) + 2. Let c(x) = -x**3 + 5*x**2 - 5*x + 3. Determine c(o).
-22
Let c(d) = -5*d + 167. Let q be c(33). Let k(u) = -3*u - 3*u + 8*u**2 - 7*u**q - 4*u - 1 - 2*u. What is k(10)?
-21
Let o(a) = -17*a - 50. Let b(q) = 8*q + 23. Let j(k) = -13*b(k) - 6*o(k). Let p be 135/(-30)*(-2)/3. Determine j(p).
-5
Let o(b) = 0*b**2 + 10 + b**2 + 8*b - 9*b. Let n be (-2)/(-6) - (-6)/9. Suppose m = -4*g - n, 5*g + m = 5*m + 4. Calculate o(g).
10
Let s(x) be the first derivative of x**3/3 + 5*x**2 - 8*x + 12277. Let u(i) = -i**2 + 3*i + 1. Let h be u(5). What is s(h)?
-17
Let y(j) = -j + 5. Suppose 8*p - 40 = -400. Let o = p + 61. Suppose o*u - 21*u = 0. Give y(u).
5
Let i(a) = -a**2 - 6. Let y be 0 - (6/4)/((-7)/14). Let h be (2 - y - -3)*(-2 - -3). Suppose -2*m + 4 = 3*p, 12 - 4 = h*p + 4*m. Calculate i(p).
-6
Let c(u) = -4*u**2 + 2*u - 1. Let o be (69 - 3)/(1 - -1). Suppose 0 = 5*s - o + 18. Let r be ((-36)/(-27) + (-2)/2)*s. Give c(r).
-3
Let o(v) = -4*v + 7. Let d(q) = -15 + 19*q**2 + 2 - 7 + 9*q - 17*q**2. Let c be d(2). Calculate o(c).
-17
Let k(h) = 2*h**2 - 6*h - 7. Suppose -5*i + 5*d = -3*i - 28, -5*i - d - 11 = 0. Determine k(i).
1
Let a(u) = -u**2 + 7*u + 8. Let b be (-5)/((-10)/8)*(2 + 0). Let v be (-60)/b*6/(-9). Suppose -3*d + 9 = 3*f, -7*f + v*d + 39 = -3*f. Give a(f).
14
Let t(q) = -95*q - 5*q**2 - 105*q + 212*q + 11 - 8 - 4. What is t(2)?
3
Let q(d) = 10*d - 11*d + d**3 + 0 - 4*d**2 + 3*d + 2. Let k = -37 - -24. Let i = k - -15. Determine q(i).
-2
Let i = -182394 + 182388. Let z(v) = v**2 - v + 1. Let t(l) = -l**3 - 9*l**2 - 3*l - 2. Let x(f) = t(f) + 2*z(f). Give x(i).
-6
Let l(o) = o - 12. Suppose 391*c - 441*c = -450. Give l(c).
-3
Let b be ((42/5)/14)/((-1)/25). Let w = b - -7. Let d(v) = -2*v - 6. Calculate d(w).
10
Let s(m) = -114*m + 3. Let u be s(0). Let o(n) = 51*n - 154. Calculate o(u).
-1
Let y(x) = -7*x**3 - 3*x + 118*x**2 + 83*x**2 - 205*x**2. Give y(-2).
46
Let m(i) = -120890*i + 4 + 60417*i + 60409*i + 0. What is m(1)?
-60
Suppose -4*a = -0*a - 2*o - 232, 4*o = 2*a - 128. Let n(z) = -23*z - 19*z - 20*z - 12 + a*z. Let k be n(-3). Let u(f) = -f - 2. What is u(k)?
-8
Let t(s) = -2*s + 1. Let a be t(-2). Let j(f) = a - 6 + f + 0. Give j(-4).
-5
Let h(u) = -u - 5. Let j = 11 + -5. Let t(g) = 13*g + 13*g + 12*g - 9 + 11*g - 52*g. Let f(b) = j*t(b) - 11*h(b). Calculate f(-3).
22
Let o(g) = 5*g - 35. Let y be o(7). Let c be (3/(-4) - y) + 3/(-12). Let j(x) = -1 + 6*x + 13*x - x. Determine j(c).
-19
Let j be (-1)/4 + 30/(-8). Let t(p) = -74*p + 5*p + 3 + 75*p. What is t(j)?
-21
Let l(t) = t**3 - 29*t**2 + 63*t - 238. Let s be l(27). Let m(o) = o**3 - 8*o**2 + 8*o - 3. Determine m(s).
-38
Let d = 2 - 3. Let i(s) = -15703 + 5236 + 11*s**3 + 5237 + 5231. Give i(d).
-10
Suppose -16 = -2*q + 4*s, -762*q + 764*q - 3*s = 21. Let a(d) = -d**3 + 17*d**2 + 24*d - 34. Give a(q).
74
Let f(u) = 21 + 196*u - 416*u - 9 + 221*u. What is f(-4)?
8
Suppose 3*n - 37 = 4*t, 29*n - 28*n + 13 = -5*t. Let l(y) = -3*y + 20. What is l(n)?
-1
Let a(l) = l**2 - 24*l - 187. Let d = -24564 + 24558. Determine a(d).
-7
Let p(h) = h**2 + 4*h + 5. Let v(q) = -2*q - 22. Let m be ((-10)/(-8))/((-19)/152). Let y be v(m). Let i be (y + 1)/(-5) + (-21)/5. Calculate p(i).
5
Suppose 12 = -12*g + 16*g. Let b(k) = k**3 + 6 - 16*k**3 + 7*k**2 - 3*k**g + 19*k**3. Let y be -1*(10/1 - 3). Give b(y).
6
Let t(q) = -q**3 + 16*q**2 - 16*q + 13. Let d be t(15). Let a be 3 + d + -1 + (-3)/(-1). Let i(j) = j**a + 2 + 4*j**2 - 7 - 40*j - 1 + 33*j. What is i(-4)?
22
Let r(k) = 2*k**2 - 5*k - 5. Let w be r(-2). Let y(s) be the third derivative of s**6/120 - 7*s**5/30 + 7*s**4/12 + 3*s**3/2 - 8*s**2 - 24*s. Determine y(w).
22
Let i(a) = a**2 + 9*a - 20. Let m be i(-12). Let u(w) = -m*w + 24*w + 2 - 11*w. Suppose 9*t + 8 = -10. What is u(t)?
8
Let j(i) = -i + 36*i**2 - 1 - 106*i**2 + 38*i**2 + 39*i**2 - i. Let o(c) = -3*c. Let k be o(-1). Suppose -k*a - 4*h = -13, a + 6*h = h + 19. What is j(a)?
8
Let i(h) = 2*h + 551587 - 4*h - 551564. Determine i(7).
9
Let r(u) = 107*u + 2*u**2 - 190*u - 3*u**2 + 110*u + 7. What is r(27)?
7
Let z(o) = -109*o + 829. Let n be z(6). Suppose -n = 40*d - 95. Let p(u) be the third derivative of u**5/60 + u**4/12 - u**3/3 - u**2. Give p(d).
-2
Suppose 0 = -w + 5*k - 244, -5*w + 428 = -7*w - 2*k. Let m be (5 - w/(-45)) + 440/75. Let n(y) = -y**3 + 6*y**2 + 4*y. Calculate n(m).
24
Let y be -15 - 3*(-4)/18*-3. Let u(c) = -c**2 - 20*c - 73. Give u(y).
-22
Let n(j) = 9*j**2 - 3*j + 5. Let i be (90/(-11) - -8)/(4/(-44)). Determine n(i).
35
Let k(i) = i**2 - 13*i - 5. Let j = -1728 - -1743. Calculate k(j).
25
Let d be 3 + (-10 - -2) + 149. Let c = d + -142. Let i(t) = -4*t**3 - 3*t**2 + 2*t - 2. Calculate i(c).
-42
Let v(i) be the first derivative of -4*i**3/3 + i**2 + 13*i + 180. Let t(z) = 9*z**2 - 4*z - 27. Let a(y) = 3*t(y) + 7*v(y). What is a(7)?
-25
Suppose 62*t - 28 = 57*t - 3*o, -3*t + 18 = 2*o. Let p(j) = 7*j**2 - 3*j + 1. Determine p(t).
23
Let t(o) = 2*o**2 - 3*o + 2. Suppose -365*l + 362*l + 99 = 0. Suppose -4*w = 5*p - l, -8*p + 4*p = w - 22. Determine t(w).
4
Let g(o) = -6 + 4*o - 5 - 11*o - 1 + 0. Let s(l) = -l**2 - l + 1. Let q(i) = g(i) + 2*s(i). What is q(-7)?
-45
Let w(a) = -41*a + 3692*a**3 - 3693*a**3 + 40*a - 28. Give w(0).
-28
Let u(z) be the first derivative of -z**4/4 + 2*z**3 - 5*z**2/2 - 4*z - 334. Let x be ((-10)/(-3))/((-2)/(-3)). Calculate u(x).
-4
Let m(r) = 3*r - 20*r**2 - 3*r**2 - 9*r**2 - 2 + 1 + 28*r**2. Suppose 4*k = -4*a + 32, 3*k - 5*a - 4 = -20. What is m(k)?
-28
Let h(d) be the third derivative of 0*d - 1/6*d**4 + 1/6*d**3 + 0 + 8*d**2. Let x = 67 + -69. What is h(x)?
9
Let r(q) be the second derivative of q**3/3 + 17*q**2 - 2111*q. What is r(-11)?
12
Suppose 4*b = 2*b + 5*q + 30, 5*q = 4*b - 60. Suppose 5*a = -g + 7, 5*g + 2*a - 4 + b = 0. Let z(u) = -u**2 - 2*u - 3. Calculate z(g).
-6
Let o(v) = -4*v**2 - 292*v + 45. Let b(r) = -2*r**2 - 134*r + 23. Let n(p) = 13*b(p) - 6*o(p). What is n(-3)?
-19
Let v(u) = 19*u**2 + 5 - 9 + 3. Suppose -22*i - 3733 = -3755. Determine v(i).
18
Let x(v) = -7*v - v - 38 + 17*v - 6*v. Let d be x(14). Let k(s) = s**3 - 3*s**2 - 4*s - 1. Calculate k(d).
-1
Let l be -8*(2/(-16))/(16/160). Suppose 66*v - 56*v - l = 0. Let x(d) = -5 + 3 - 6*d + 1. Give x(v).
-7
Let a(l) = 15*l + 4. Let q(h) = 8*h + 2. Suppose 5*s + 3*k = -12, 8*k = 4*s + 3*k - 20. Suppose -9*c + 17*c - 24 = s. Let w(n) = c*a(n) - 5*q(n). Give w(-2).
-8
Suppose m - 90 = -88. Suppose -11*j + 13 = m. Let g(t) = -4*t - 1. What is g(j)?
-5
Let z(u) = 2*u - 29. Let t(y) = y**3 - 19*y**2 + 22*y - 57. Let n be t(18). Let s be z(n). Let w(p) = p**3 - p**2 + p. W